- -73. Suppose j*q + 195 - 1524 = 0. Is q composite?
False
Let u = 11589 + -18412. Let a = -4499 - u. Suppose 2*r = -2*r + a. Is r prime?
False
Suppose -4*a - 26616 = -445748. Is a composite?
True
Suppose 3*r - 3*m - 113 = 10, r - 4*m = 41. Suppose 43*x = r*x + 22054. Is x a prime number?
True
Let q(u) = -u + 14. Let f be q(6). Suppose 0 = 2*d + 20 - f. Is d*(2 + 1540/(-24)) a composite number?
False
Let c(z) = 339*z**2 - 8*z - 359. Is c(-32) prime?
True
Suppose -5*t + 4*o + 84 = 12, 2*o - 20 = -t. Is ((-618976)/12)/(-8) + t/12 a prime number?
True
Let u(v) = 4*v + 65. Let k be u(-11). Is (28/k)/((-4)/(-2994)) a composite number?
True
Suppose 3*j + 73*j + 8*j = 14634564. Is j a composite number?
False
Let m = -400547 - -615396. Is m a prime number?
True
Let p = -7 - -14. Suppose -p*x + 13*x = 0. Suppose -2*u = -2*b - 36, -u + x*b + 9 = -4*b. Is u prime?
False
Is (-4 + 3 + 333195)/(-9 - (10 - 21)) prime?
True
Let z(r) = 9*r - 10. Suppose 3*t - 8*t + 80 = 0. Let s be z(t). Let n = 193 - s. Is n a prime number?
True
Let g = 130 - 155. Let m(d) = -d**3 - 24*d**2 + 26*d + 24. Let x be m(g). Is (-2 + -1)*x/((-1)/(-97)) a prime number?
False
Is ((-68)/(-102))/(4/6 + 71516/(-107277)) a prime number?
True
Let i = -20716 - -38805. Is i composite?
False
Let y = -359 + 681. Suppose 0 = 3*z - 15, 2*i + 14*z + 249 = 17*z. Let s = i + y. Is s composite?
True
Let q be 0*(3 + 21/(-6)). Suppose 147*w - 155*w + 2456 = q. Is w a composite number?
False
Suppose -j = 35 - 111. Let w = 84 - j. Suppose -9*v + w*v = -2017. Is v composite?
False
Suppose 0 = 3*b + 2*b - 20. Suppose g + 150 = b*g. Is 4/10 + 89630/g composite?
True
Let z(l) = 84*l**2 - 8*l + 14. Let k(f) = -3*f + 70. Let t be k(13). Let n = -37 + t. Is z(n) a prime number?
False
Suppose 98 = 3*g - 175. Suppose -g - 2400 = -b. Is b a prime number?
False
Suppose -4*c - 70420 = 3*c. Is c/(-8) - -5*1/(-10) composite?
True
Let p(y) = 379*y**2 - 2*y + 13. Let w be p(6). Suppose 8*o + 4*z = 7*o + w, -5*o - 3*z = -68225. Is o prime?
False
Suppose 147578 = -11*l + 30417. Let c = l + 15402. Is c prime?
True
Suppose 0 = 9*b - 26581 - 1355. Let k = b - 2043. Is k a prime number?
True
Let y(p) = -2*p**3 + 21*p**2 + 6*p + 7. Let r(j) = 2*j**3 - 22*j**2 - 7*j - 7. Let a(l) = -5*r(l) - 6*y(l). Let h be a(8). Is (3 - 1150/h)*3 a prime number?
True
Let s(c) = 97338*c**3 + 4*c**2 - 9*c + 6. Is s(1) a prime number?
False
Suppose f - 4*f + 492 = 0. Suppose 0 = 3*c + f - 797. Is c a prime number?
True
Suppose 10*m - 2575 = 340695. Suppose -a + 2*a + 8583 = t, -4*t + 3*a + m = 0. Is t a prime number?
False
Let q = 2019968 - 582871. Is q a composite number?
False
Let y(k) = 38075*k**2 + 3*k - 4. Is y(1) a prime number?
False
Let a = 36293 - -11138. Is a a prime number?
True
Let j(n) = 1413*n**3 - 64*n + 7. Is j(8) a composite number?
True
Is (-62)/4*(106788/(-396))/((-1)/(-6)) composite?
True
Let s(q) = 240*q**3 + 8*q**2 - 43*q - 150. Is s(7) a composite number?
False
Let y = 109016 + -52257. Is y composite?
True
Let j be (20/110 - 128/(-22)) + -3. Suppose -2*o - j = 7, -a = -2*o - 8943. Is a composite?
False
Let l be 0 + 3 + 6817/1. Let g = 25229 - l. Is g composite?
True
Let x be 2*4*(181 + 9). Suppose 2*r + 5*y - 8279 + x = 0, 5*y - 3382 = -r. Is r prime?
False
Suppose -3*a - 15*j + 813 = -11*j, -5*a - 2*j + 1355 = 0. Suppose -5*l + 4596 = a. Is l a composite number?
True
Is 10427040/45 - (-22)/(-2) composite?
False
Let a = -89 - -243. Suppose l - a = 3*x + 2*x, 0 = -5*x - 20. Suppose -2*r - l = -3*r. Is r prime?
False
Let q = 132044 + -57091. Is q composite?
True
Let i(q) = -16 + 16 - 515*q + 34. Is i(-5) a composite number?
False
Is 10133634/56 + (-20)/(-16) a composite number?
False
Is -29339*(-8 + (11 - 4)) a prime number?
True
Suppose -4*a + 4*i = -28824, 139 = 2*i + 129. Is a a composite number?
False
Let f(t) = -6*t**2 - 27*t + 9. Let y be f(-4). Let h(x) = 1246*x - 299. Is h(y) composite?
False
Let t be (-35)/(-20) - 2 - 9/(-4). Suppose -1300 - 1806 = -t*u. Let s = u + 246. Is s a prime number?
False
Suppose 621584 - 2321604 = -28*o. Is o composite?
True
Suppose 5 = -x, 0 = -3*v + 8*v - 2*x - 160. Is (-16497)/(-5) - v/75 composite?
False
Suppose -2*o = -1 + 3. Let f be (o - 4)/(5/(-5)). Suppose -4*u + 1009 = -5*d, -f*u - 5*d + 909 = -341. Is u a prime number?
True
Let g(l) = -l**3 + 17*l**2 + 23*l - 34. Let p be g(18). Is 7*(2771920/p)/10 composite?
False
Let h(f) = 137*f**2 + 4*f - 5. Let i(a) = a**2 + 2*a + 37. Let c be i(0). Suppose -8*o + 5 - c = 0. Is h(o) a prime number?
False
Let m be (38/1)/(-6*4/(-24)). Let h = 11 - m. Let g = h + 73. Is g prime?
False
Let w be (1242/(-4))/(6/(-104)). Let u = -1561 + w. Is u a composite number?
False
Suppose 87 = 19*s + 410. Let l = s + 228. Is l a composite number?
False
Suppose -7*k = -2*k - 1425. Let o = -201 + k. Let f = o + -19. Is f a prime number?
False
Let z be 50/(-125)*(0 + 1 + -6). Suppose -4*d + 1111 = 3*p, z*p - 5*d - 779 = -23. Is p composite?
False
Suppose 0 = -3*c + 4310 - 758. Let g = -483 + c. Is g prime?
True
Let i(n) = 1901 - 2*n + 9*n**3 - 3*n**3 + 272 - n**2 - 5*n**3. Is i(0) a prime number?
False
Suppose 0 = j + 4*z + 286, 44 = -j + 2*z - 254. Let l = -167 - j. Is l a composite number?
False
Suppose 5*u - 45 = 2*y - 5*y, 2*y + 2*u - 26 = 0. Suppose -x - 4*x = -4*h - 2973, y = -5*h. Is x a composite number?
False
Let b(c) = 80*c**3 + 3*c - 30. Suppose 4*f + 6*f = 40. Is b(f) a composite number?
True
Let u = 6952 - -46743. Is u a composite number?
True
Let d(k) = 943*k - 1671. Is d(28) composite?
False
Let r(z) = 17*z**3 - 14*z**2 - z + 8. Let o(m) = -52*m**3 + 41*m**2 + 3*m - 23. Let v(x) = -4*o(x) - 11*r(x). Suppose -15 = -3*q - 0*q. Is v(q) composite?
True
Let k = 240 - 91. Suppose -5*q = -3*l - k, -2*q = -5*l - 35 - 17. Is q prime?
True
Let c = 10628 + 12272. Let a = c - 13667. Is a prime?
False
Let l = -74255 - -143606. Is l composite?
True
Let l = 403 - 409. Is (-4)/l*33324/8 prime?
True
Is (-8903418)/(-14) + (-1740)/(-105) + -16 composite?
False
Let o(s) = -15869*s**3 + 237*s + 719. Is o(-3) a composite number?
False
Suppose -113*i = 44*i - 17397013. Is i a prime number?
False
Let w(f) = -2*f**3 - 22*f**2 + 24*f + 4. Let x be w(-12). Is 2158 - 2*x*(-15)/(-24) prime?
True
Suppose -16*f = -12*f - 12. Suppose -f*s = -17490 - 11091. Is s composite?
True
Let w = 29534 - 16377. Is w a composite number?
True
Suppose 0 = 5*h - 46*f + 42*f - 2271553, 1817237 = 4*h - 5*f. Is h a composite number?
False
Let g(c) = 194*c**2 + 5*c + 2. Let q be g(9). Let p = q - 6514. Is p composite?
True
Suppose -u = -2*h + h - 3, 3*h - 3 = -3*u. Suppose -f + 28 = k, 19 - 44 = 5*f. Let g = u + k. Is g a prime number?
False
Let r = 4488 + -8971. Let q = r + 9867. Let f = -3229 + q. Is f prime?
False
Let d(c) = c**3 + 53*c**2 + 495*c + 157. Is d(-41) prime?
False
Let l(o) be the first derivative of 351*o**2/2 + 102*o + 113. Is l(9) composite?
True
Suppose -12 = -4*y, -t = -0*t - 2*y + 35. Is 25011/1 - 58/t composite?
False
Let b(a) = -a**2 + 12*a - 13. Let v be b(10). Suppose -8*m = v - 55. Suppose o = m*w - 2*w + 2945, 5*o - 14708 = 3*w. Is o composite?
True
Let y(n) = 730*n - 11. Let f be (3 + 1 - 1)/1. Suppose 2*o - 4 = -2*c + 16, 10 = 5*o - f*c. Is y(o) composite?
True
Let n(g) = -24*g + 54. Let v = 37 + -50. Let s be n(v). Suppose p - 5*j + s = 5*p, 10 = 5*j. Is p prime?
True
Is 314517*11/33 - -5*2 a prime number?
True
Let i be (-2)/3 - (520751/(-33))/(-7). Is (3*4*i/(-30))/2 a composite number?
True
Let m be (-70)/((-10)/68*(-36)/45). Let s = m + 953. Suppose -9*q + s = -7*q. Is q prime?
True
Suppose 51*v - 48*v - 5*c = 407408, 2*v - 4*c - 271610 = 0. Is v a composite number?
True
Let m(n) = 101*n**2 - 7*n - 17. Let u = -331 - -324. Is m(u) prime?
False
Suppose -3390 = y + 7045. Let r = y - -19322. Is r a composite number?
False
Suppose -78*l + 132704396 = 9961178. Is l a composite number?
True
Let f(w) = 5*w**3 + 7*w**2 - 9*w - 6. Let j(n) = 2*n - 19. Let l be j(9). Let d(y) = -7*y - 2. Let h be d(l). Is f(h) composite?
True
Let w(y) = -50 + 117 - 16 + 389*y. Is w(8) a prime number?
True
Let i be (225986/95)/(4/(-20)). Let l = i + 17517. Is l a composite number?
False
Let k = -143 + 146. Is 2825/k - (1 - 8/24) prime?
True
Let t(k) = -51*k + 16*k + 9 + 7*k + 4*k**2. I